emainder when 37240350 is divided by 18620134?
82
Calculate the remainder when 6313207 is divided by 279.
274
Calculate the remainder when 3636041 is divided by 302999.
53
What is the remainder when 143748 is divided by 10964?
1216
Calculate the remainder when 376754 is divided by 41284.
5198
What is the remainder when 48528606 is divided by 8700?
6
What is the remainder when 431055472 is divided by 1475?
1472
Calculate the remainder when 106084 is divided by 3381.
1273
What is the remainder when 5219948 is divided by 164?
156
Calculate the remainder when 47418 is divided by 22940.
1538
Calculate the remainder when 86782 is divided by 3836.
2390
What is the remainder when 175962 is divided by 87961?
40
What is the remainder when 34763712 is divided by 17381819?
74
What is the remainder when 27899715 is divided by 147?
144
Calculate the remainder when 7895899 is divided by 5701.
14
What is the remainder when 376799037 is divided by 64?
61
What is the remainder when 114870 is divided by 15558?
5964
What is the remainder when 3976160 is divided by 6155?
30
What is the remainder when 4055269 is divided by 2027615?
39
Calculate the remainder when 98910209 is divided by 19782035.
34
Calculate the remainder when 45203843 is divided by 646.
639
Calculate the remainder when 1989709 is divided by 829.
109
Calculate the remainder when 6032406 is divided by 1508098.
14
What is the remainder when 820964078 is divided by 13?
12
Calculate the remainder when 48522455 is divided by 216.
215
What is the remainder when 104096136 is divided by 7435438?
4
Calculate the remainder when 43103334 is divided by 309.
306
Calculate the remainder when 14346749 is divided by 275.
274
What is the remainder when 284167 is divided by 94699?
70
What is the remainder when 4011765 is divided by 340?
105
Calculate the remainder when 6112976 is divided by 187.
133
What is the remainder when 544581 is divided by 77637?
1122
Calculate the remainder when 28647835 is divided by 323.
319
What is the remainder when 947795 is divided by 28?
23
What is the remainder when 2947308 is divided by 54?
42
Calculate the remainder when 15953479 is divided by 48.
7
What is the remainder when 1489279 is divided by 59571?
4
What is the remainder when 724177 is divided by 55?
47
What is the remainder when 8224312 is divided by 21?
19
What is the remainder when 1814229 is divided by 259171?
32
Calculate the remainder when 302410 is divided by 1748.
6
Calculate the remainder when 1518655 is divided by 396.
391
Calculate the remainder when 6580637 is divided by 80.
77
Calculate the remainder when 23340 is divided by 1374.
1356
Calculate the remainder when 154199 is divided by 771.
770
What is the remainder when 55992218 is divided by 3499513?
10
What is the remainder when 1156736 is divided by 951?
320
What is the remainder when 4452528 is divided by 29?
13
What is the remainder when 29496894 is divided by 1936?
1934
Calculate the remainder when 113435 is divided by 799.
776
What is the remainder when 125878 is divided by 62168?
1542
Calculate the remainder when 55757 is divided by 13769.
681
What is the remainder when 478642 is divided by 95719?
47
Calculate the remainder when 44299647 is divided by 150.
147
What is the remainder when 512648 is divided by 461?
16
Calculate the remainder when 114263 is divided by 81.
53
What is the remainder when 915380 is divided by 1263?
968
What is the remainder when 39315 is divided by 77?
45
Calculate the remainder when 63761353 is divided by 17.
14
What is the remainder when 988930 is divided by 123?
10
Calculate the remainder when 252546 is divided by 747.
60
What is the remainder when 659861 is divided by 662?
509
Calculate the remainder when 121710 is divided by 485.
460
Calculate the remainder when 19080 is divided by 751.
305
Calculate the remainder when 73491 is divided by 7348.
11
What is the remainder when 2456437 is divided by 14535?
22
Calculate the remainder when 6593593 is divided by 1318713.
28
What is the remainder when 1711648 is divided by 4469?
21
What is the remainder when 684828 is divided by 684575?
253
Calculate the remainder when 139694 is divided by 3116.
2590
Calculate the remainder when 10990794 is divided by 36.
30
What is the remainder when 26352003 is divided by 51?
48
Calculate the remainder when 6915665 is divided by 531974.
3
What is the remainder when 17383 is divided by 870?
853
What is the remainder when 364225 is divided by 258?
187
Calculate the remainder when 7114474 is divided by 1263.
1258
Calculate the remainder when 105815 is divided by 192.
23
Calculate the remainder when 99206 is divided by 3543.
2
What is the remainder when 170514 is divided by 42596?
130
Calculate the remainder when 36073 is divided by 2258.
2203
Calculate the remainder when 821093 is divided by 102572.
517
What is the remainder when 3987496 is divided by 145?
141
Calculate the remainder when 117435525 is divided by 36.
33
Calculate the remainder when 2066981 is divided by 4045.
4031
What is the remainder when 99584 is divided by 16480?
704
Calculate the remainder when 62944 is divided by 1807.
1506
Calculate the remainder when 139307 is divided by 1239.
539
What is the remainder when 75297598 is divided by 405?
403
What is the remainder when 3631681 is divided by 3550?
31
What is the remainder when 14988822 is divided by 1152984?
30
Calculate the remainder when 261034 is divided by 40.
34
What is the remainder when 1830600 is divided by 1247?
4
Calculate the remainder when 22451 is divided by 7468.
47
Calculate the remainder when 13077462 is divided by 166.
148
Calculate the remainder when 1352711490 is divided by 21.
18
Calculate the remainder when 7479849 is divided by 8078.
7699
What is the remainder when 3458 is divided by 3101?
357
Calculate the remainder when 79908 is divided by 3794.
234
What is the remainder when 11551486 is divided by 5091?
7
What is the remainder when 2039004 is divided by 254875?
4
Calculate the remainder when 570137 is divided by 570105.
32
What is the remainder when 1148551 is divided by 382850?
1
What is the remainder when 4199691 is divided by 2838?
2289
Calculate the remainder when 6450 is divided by 681.
321
Calculate the remainder when 15900635 is divided by 11.
3
What is the remainder when 1984850 is divided by 369?
368
Calculate the remainder when 319266 is divided by 159574.
118
What is the remainder when 299954 is divided by 8874?
7112
Calculate the remainder when 1187880 is divided by 148.
32
What is the remainder when 2308840 is divided by 362?
4
What is the remainder when 25582812 is divided by 13?
8
Calculate the remainder when 27873645 is divided by 687.
681
What is the remainder when 113315 is divided by 21927?
3680
What is the remainder when 305656 is divided by 1972?
1968
Calculate the remainder when 168196945 is divided by 683.
682
What is the remainder when 134382 is divided by 2067?
27
Calculate the remainder when 551466116 is divided by 30.
26
Calculate the remainder when 4507147 is divided by 50.
47
Calculate the remainder when 18565141 is divided by 4641283.
9
Calculate the remainder when 41122 is divided by 7233.
4957
What is the remainder when 229084198 is divided by 6444?
6442
What is the remainder when 56232378 is divided by 911?
903
Calculate the remainder when 3260886 is divided by 360.
6
What is the remainder when 425619249 is divided by 2675?
2674
What is the remainder when 52449 is divided by 13082?
121
What is the remainder when 315007 is divided by 330?
187
Calculate the remainder when 3929 is divided by 2369.
1560
What is the remainder when 2298490 is divided by 191359?
2182
Calculate the remainder when 8274629 is divided by 401.
395
What is the remainder when 839493 is divided by 366?
255
What is the remainder when 99212 is divided by 33?
14
What is the remainder when 2857872 is divided by 2857872?
0
What is the remainder when 256604 is divided by 1365?
1349
What is the remainder when 303756 is divided by 6074?
56
What is the remainder when 5359588 is divided by 239?
13
Calculate the remainder when 15739349 is divided by 71.
69
Calculate the remainder when 341928 is divided by 2663.
1064
What is the remainder when 51437 is divided by 871?
48
Calculate the remainder when 207969 is di